reatest common factor of 8 and m?
8
Suppose -5*w + 58 = 4*s - 434, w = -4. Calculate the highest common factor of 40 and s.
8
Suppose -18 = -4*y - 2*f, -2*y - 5*f + 12 = -3*y. Suppose 3*z + 226 = y*k + 2*k, z = -2. What is the greatest common factor of k and 110?
22
Suppose -11*s + 26*s - 16410 = 0. Suppose -11*y = 60 - s. What is the greatest common factor of y and 47?
47
Suppose -5*u - 225 = -4*t, -u - 140 = -5*t + 115. What is the greatest common factor of t and 1825?
25
Let h = -4325 + 4343. What is the greatest common divisor of 294 and h?
6
Let m(u) = 62*u - 3558. Let d be m(58). What is the highest common factor of d and 22?
2
Let j = -25138 - -25161. Let v = 360 + -214. Let w = 38 + v. What is the highest common divisor of w and j?
23
Let r(p) = -5*p + 8. Let x be r(-2). What is the greatest common factor of 42 and x?
6
Let k(q) = 106*q**3 + q**2 - 59*q + 57. Let t be k(1). Calculate the highest common divisor of 8890 and t.
35
Let f(c) = -48*c**2 - 13*c + 18. Let n be f(0). Let p be (-4)/14 + (-18740)/(-28). Suppose 5*z + 39 - p = 0. What is the highest common factor of n and z?
18
Let l be (4/12 - 3) + 113072/444. What is the highest common divisor of l and 636?
12
Suppose -36*f - 14 = -94 - 28. Let g = 10 - 6. Suppose 0 = 5*m - 2*r - g, m + 5*r = f*m + 11. What is the greatest common divisor of 7 and m?
1
Suppose -3*u + 1 + 24 = 4*g, -u - 3*g + 15 = 0. Suppose z - 27 = u. Suppose 202*s - 630 = 188*s. Calculate the greatest common factor of s and z.
15
Suppose -828 = -8*a + 180. Let u be 56/(-6)*(-54)/18. Calculate the greatest common divisor of a and u.
14
Suppose o = -6*m + 75, 4*o = -4*m + 73 - 13. Suppose -3*k + 2468 = -5*y, -3*y = k + y - 800. What is the greatest common factor of k and m?
12
Suppose -37*c + 8670 = 14*c. Suppose -b - 3*j = 19 + 3, -3*b = 2*j + 59. Let m be -3 - (-4 - -3) - b. What is the highest common divisor of m and c?
17
Suppose -64990 - 14412 = -36*w - 22*w. Calculate the highest common divisor of w and 74.
37
Suppose -2 = -u - 0*u, -3*g - 5*u = -46. Let c(k) = 50*k**2 - 3*k - 2. Let z be c(-2). What is the highest common factor of g and z?
12
Let j = 209 + -202. Suppose s - 3 = j. What is the greatest common divisor of 5 and s?
5
Let s(z) = -3*z**3 + 17*z**2 + 11*z - 4. Let u be s(6). Suppose 4*r = u*r - 440. Calculate the highest common divisor of 56 and r.
4
Let h = -7 + 13. Suppose -6*k + 30 = -3*k. Let d = h + k. What is the greatest common factor of d and 160?
16
Suppose 9*u = 30*u - 588. Let b = 32 + u. Calculate the highest common factor of b and 36.
12
Suppose -a - 3*p = -111, -4*a + 18*p = 22*p - 452. What is the greatest common divisor of 57 and a?
57
Let z(t) = 2*t**3 + 47*t**2 - 8*t - 8. Let p be z(-23). Let x = -465 + p. Calculate the greatest common divisor of x and 15.
15
Let n = 29716 - 21622. Calculate the greatest common factor of n and 190.
38
Let d(v) = 28*v + 45. Let f be d(-26). Let g = f - -715. What is the highest common factor of g and 24?
8
Let f(k) be the third derivative of k**5/30 + 11*k**4/12 + 10*k**3 - 21*k**2 - 2. Let a be f(-9). What is the highest common divisor of 42 and a?
6
Let w(v) = -v**3 - 9*v**2 + 7*v - 30. Let t be w(-10). Suppose 2*k + 19 - 685 = 3*d, t = k - d - 334. What is the highest common factor of k and 28?
28
Suppose -z - 304 = -5*z. Suppose 3*n - 2*p = -0*n + 509, -4*p = -8. What is the greatest common factor of z and n?
19
Let l = 60 - 33. Let k be 472/3 - (117/l - 3). What is the highest common divisor of k and 39?
39
Let l be -2 + 9 - 6330 - -7. Let j be (-25)/(-10) - l/8. What is the highest common factor of j and 48?
24
Let t(g) = -g**3 - g**2 + g. Let i(y) = y**3 + 30*y**2 - 32*y - 15. Let p(k) = -i(k) - 2*t(k). Let j be p(27). What is the highest common divisor of 6 and j?
6
Let p(m) = 4*m - 117. Let h(a) = -29*a**3 + a**2 - 3*a - 2. Let d be h(-1). Let x be p(d). What is the greatest common factor of x and 28?
7
Let h(x) = -171*x - 3556. Let s be h(-28). Calculate the greatest common factor of 2079 and s.
77
Let o = 60 - -63. Let q be (-1)/(28/(-7))*-8. Let j be (-16 + 57)/(-1 - q). What is the greatest common factor of j and o?
41
Suppose -447*p - 5*k = -449*p + 15606, -p = -k - 7806. Calculate the greatest common divisor of p and 610.
122
Suppose 214 = 4*r - 2*w, 29*r = 42*r - 5*w - 697. Calculate the greatest common factor of r and 26.
2
Let d = 9 + -18. Let h be -6*(-1)/(d/(-3)). Let l be -4 - 57/(-6)*h. What is the greatest common factor of 3 and l?
3
Let s be (-40)/(-25)*(4/(-6))/(48/(-71100)). What is the highest common factor of 340 and s?
20
Let k(x) = 20*x - 8. Let b be k(3). Suppose 5*g = 6*g + b. Let z = g + 58. Calculate the highest common factor of z and 42.
6
Let f(m) = 199*m + 3615. Let i be f(-9). What is the greatest common factor of i and 627?
57
Let s be -1 + -1 - (-5 - 41). Let f be 2270/12 + (-1)/6. Suppose j = f - 79. What is the greatest common divisor of s and j?
22
Let k = 10848 - 10573. What is the highest common divisor of 550 and k?
275
Let x = 8 - -7. Suppose 0 = -x*q + 19*q. Let k be 2*(q - (-27)/2). What is the greatest common factor of 297 and k?
27
Suppose -255 + 15 = -60*d. Let k be 138 - (1 + (-3)/3). Let b be (56/21)/(d/k). Calculate the greatest common factor of 23 and b.
23
Let m(b) = 106*b**2 - 16*b + 23. Let k be m(7). Calculate the greatest common factor of 5 and k.
5
Let x(t) = -34*t**2 - 17*t + 8. Let l be x(-6). Let p = -757 - l. What is the highest common divisor of 102 and p?
51
Let s = 1 - -15. Let g(n) = n**2 - 41*n + 378. Let z be g(30). Calculate the highest common factor of z and s.
16
Let l = 17194 + -17155. Calculate the greatest common divisor of l and 6747.
39
Let n(o) = -16*o - 75. Let j be n(-10). Let w = 90 - j. Let d = -6 - -21. Calculate the greatest common factor of w and d.
5
Let l be (-8)/(-12) - (-60)/18. Let w = l + -2. Suppose -w*p = -48 - 104. Calculate the greatest common divisor of p and 114.
38
Suppose 5*n = -8*u + 3*u + 275, 164 = 4*n - 4*u. Suppose 2*p = 0, -5*p + 3*p - 16 = -a. Calculate the highest common factor of a and n.
16
Let w = 73 - 0. Suppose 3*z + w = 2*b + 13, -z = -5*b + 7. Let l be (-11)/(-1 - (z/(-10) + -3)). What is the highest common divisor of l and 5?
5
Let m = -7 - 22. Let k = 47 + m. Calculate the highest common divisor of 2 and k.
2
Let q(i) = i**2 - 3*i + 1. Let l be q(-3). Let r = -15 + l. Suppose -3*b + 196 = -4*m, -r*b + 268 = -4*m - 0*m. What is the greatest common factor of 48 and b?
24
Suppose -6*w + 10*w = 3*l - 550, w = -3*l + 545. Suppose 5*r - 65 = 3*i + 66, 0 = -5*r + 2*i + 134. Calculate the highest common factor of r and l.
14
Let p be 141/12 + 1*15/(-20). Suppose -5*x - 36 = -p, 3*x + 177 = 3*w. Calculate the highest common factor of 36 and w.
18
Suppose 0 = -h + 81 - 10. Let o(s) = s**3 - 7*s**2 - 3*s + 3. Let y be o(5). Let t = y + h. What is the greatest common factor of 12 and t?
3
Suppose 6*b - 220 = -5*b. Suppose -b = -14*m + 10*m. What is the highest common divisor of m and 80?
5
Suppose 197*o = 106303 + 67451. Calculate the highest common factor of o and 56.
14
Let b(n) = 4*n + 13. Let y(v) = 3*v + 7. Let w be y(-3). Let m be b(w). What is the highest common divisor of 8 and m?
1
Suppose 8*u + 5*h + 6124 = 10*u, -2*h - 9208 = -3*u. What is the highest common divisor of u and 24?
24
Let v be 263 + -6 + 26/2. What is the highest common factor of v and 10?
10
Let f be 90/(-6)*(-2)/10. Suppose q - 164 = -5*i, i - 4*i + 96 = f*q. What is the greatest common factor of i and 11?
11
Let p(l) = 13*l - 22. Let d be p(3). Suppose d*b - 12*b = 125. What is the highest common divisor of b and 15?
5
Let m = -543 - -959. Suppose 2*g = 8*v + 58, -5*g + 77 = 20*v - 23*v. What is the highest common factor of m and g?
13
Let s be 63/18 + 1/((-2)/(-3)). Suppose 0*p - s*p - 5 = 0. Let x be (p/3)/((-2)/84*2). Calculate the greatest common factor of 7 and x.
7
Let x be -2 + (1/(-3) - (-272)/(-3)). Let u = x + 58. Let o = 58 - u. Calculate the greatest common divisor of o and 31.
31
Let n(f) = -f**3 + 9*f**2 + 4*f - 20. Let l be n(9). Suppose 1329 + 1679 = l*c. Calculate the highest common divisor of c and 235.
47
Suppose -3*m = -2*l + 19, -l = -2*m - 61 + 52. What is the highest common divisor of 77 and l?
11
Let h(i) = 2*i**2 + 126*i - 1716. Let r